t 100 (base 3) to base 4.
21
What is -103 (base 4) in base 6?
-31
100 (base 3) to base 4
21
What is 222 (base 3) in base 10?
26
What is -12 (base 3) in base 16?
-5
-2013 (base 4) to base 10
-135
What is 128 (base 13) in base 9?
245
Convert -113 (base 5) to base 6.
-53
Convert 12 (base 11) to base 15.
d
What is -6 (base 13) in base 4?
-12
b (base 16) to base 10
11
Convert -a (base 15) to base 14.
-a
What is -75 (base 8) in base 14?
-45
Convert -5 (base 8) to base 9.
-5
What is 43 (base 8) in base 12?
2b
10010110 (base 2) to base 6
410
Convert 3 (base 11) to base 15.
3
Convert 3 (base 8) to base 5.
3
Convert -1000 (base 3) to base 10.
-27
17 (base 13) to base 7
26
Convert -1000 (base 2) to base 10.
-8
12 (base 3) to base 8
5
-10 (base 15) to base 5
-30
2 (base 16) to base 15
2
What is 9 (base 14) in base 12?
9
121 (base 3) to base 16
10
What is -10322 (base 4) in base 11?
-266
-20 (base 3) to base 9
-6
Convert -3 (base 16) to base 14.
-3
Convert 10212 (base 3) to base 4.
1220
-3 (base 11) to base 13
-3
Convert 1 (base 14) to base 5.
1
Convert -3 (base 14) to base 15.
-3
What is -11 (base 2) in base 13?
-3
What is -31 (base 6) in base 13?
-16
-152 (base 7) to base 8
-126
What is 15 (base 6) in base 9?
12
105 (base 6) to base 13
32
Convert 1d (base 16) to base 2.
11101
-3 (base 9) to base 10
-3
What is -115 (base 8) in base 14?
-57
What is -1 (base 13) in base 10?
-1
24 (base 7) to base 15
13
0 (base 13) to base 2
0
Convert -1 (base 3) to base 12.
-1
What is 23 (base 14) in base 8?
37
What is 35 (base 11) in base 9?
42
d (base 15) to base 14
d
What is 2113 (base 5) in base 11?
238
-5 (base 14) to base 2
-101
Convert -6 (base 15) to base 4.
-12
What is -c (base 15) in base 3?
-110
Convert -14 (base 15) to base 2.
-10011
What is -75 (base 12) in base 14?
-65
Convert 7 (base 15) to base 2.
111
What is 3 (base 6) in base 7?
3
Convert 2 (base 9) to base 6.
2
1 (base 11) to base 4
1
Convert 3 (base 5) to base 10.
3
1 (base 3) to base 4
1
What is -2 (base 4) in base 8?
-2
What is -1 (base 3) in base 8?
-1
What is 11111 (base 3) in base 9?
144
What is 3 (base 4) in base 6?
3
Convert -413 (base 7) to base 2.
-11001110
12100 (base 3) to base 11
121
Convert -152 (base 8) to base 11.
-97
What is 5 (base 6) in base 3?
12
222 (base 6) to base 4
1112
Convert 15 (base 11) to base 14.
12
Convert -4 (base 6) to base 5.
-4
What is 267 (base 8) in base 7?
351
Convert 1 (base 14) to base 8.
1
Convert e (base 16) to base 11.
13
What is -2 (base 15) in base 16?
-2
What is -1111 (base 2) in base 8?
-17
What is -8 (base 10) in base 15?
-8
What is -17a (base 11) in base 8?
-320
14 (base 11) to base 9
16
Convert 11001 (base 2) to base 16.
19
What is -282 (base 9) in base 11?
-1a5
Convert 5 (base 6) to base 15.
5
3231 (base 4) to base 16
ed
Convert -11 (base 2) to base 7.
-3
What is 17 (base 8) in base 6?
23
1 (base 11) to base 16
1
Convert 100011111 (base 2) to base 10.
287
47 (base 8) to base 11
36
Convert -11010001 (base 2) to base 6.
-545
What is -1 (base 4) in base 13?
-1
17 (base 10) to base 13
14
1 (base 3) to base 6
1
Convert 5 (base 11) to base 3.
12
Convert -15 (base 10) to base 3.
-120
What is 2 (base 16) in base 11?
2
Convert -6 (base 13) to base 11.
-6
What is -25 (base 7) in base 3?
-201
Convert 12 (base 15) to base 12.
15
What is -1001011 (base 2) in base 6?
-203
-29 (base 15) to base 14
-2b
What is -10 (base 9) in base 11?
-9
Convert -8 (base 9) to base 4.
-20
What is -3 (base 12) in base 6?
-3
What is -10 (base 16) in base 2?
-10000
What is 2 (base 16) in base 9?
2
-7 (base 8) to base 14
-7
What is 101 (base 3) in base 14?
a
What is 4 (base 6) in base 5?
4
-18 (base 16) to base 2
-11000
Convert -2a (base 15) to base 9.
-44
Convert 10111100 (base 2) to base 5.
1223
-6 (base 11) to base 10
-6
What is 5 (base 14) in base 12?
5
Convert -8c (base 13) to base 3.
-11022
What is 4 (base 16) in base 8?
4
What is 38 (base 14) in base 2?
110010
What is -320 (base 4) in base 11?
-51
Convert -8 (base 13) to base 10.
-8
What is -112 (base 3) in base 4?
-32
-20 (base 3) to base 13
-6
-32 (base 5) to base 6
-25
Convert 54 (base 9) to base 6.
121
Convert 0 (base 13) to base 6.
0
What is -3 (base 16) in base 10?
-3
d (base 16) to base 15
d
-a (base 13) to base 10
-10
-120 (base 7) to base 2
-111111
Convert -1112 (base 3) to base 2.
-101001
Convert 173 (base 9) to base 10.
147
What is -11 (base 6) in base 5?
-12
-c (base 14) to base 11
-11
What is -3 (base 8) in base 9?
-3
-10101 (base 2) to base 11
-1a
230 (base 13) to base 7
1046
Convert -303 (base 6) to base 10.
-111
Convert -3 (base 8) to base 7.
-3
-2 (base 11) to base 5
-2
1 (base 6) to base 13
1
-86 (base 13) to base 3
-11002
-17 (base 15) to base 12
-1a
-1 (base 5) to base 8
-1
471 (base 8) to base 5
2223
Convert -11 (base 3) to base 14.
-4
What is 3 (base 5) in base 7?
3
Convert 121 (base 3) to base 13.
13
10 (base 11) to base 6
15
-10 (base 5) to base 10
-5
Convert 0 (base 12) to base 5.
0
Convert -6 (base 15) to base 14.
-6
Convert 2 (base 11) to base 15.
2
Convert -1121 (base 4) to base 5.
-324
What is 1104 (base 5) in base 9?
181
What is 1 (base 2) in base 14?
1
What is 0 (base 15) in base 5?
0
12 (base 15) to base 7
23
Convert 11 (base 16) to base 11.
16
c3 (base 15) to base 13
111
What is -9 (base 11) in base 7?
-12
What is -27 (base 8) in base 3?
-212
Convert -270 (base 8) to base 16.
-b8
Convert 10011 (base 2) to base 8.
23
What is -175 (base 12) in base 14?
-129
What is 1 (base 5) in base 14?
1
Convert 450 (base 8) to base 15.
14b
What is 0 (base 5) in base 16?
0
19 (base 15) to base 3
220
1 (base 4) to base 7
1
8 (base 14) to base 3
22
What is -1 (base 16) in base 15?
-1
Convert -78 (base 9) to base 11.
-65
3 (base 9) to base 4
3
23 (base 11) to base 9
27
-127 (base 8) to base 10
-87
Convert 3 (base 12) to base 16.
3
What is 1 (base 9) in base 14?
1
What is -121 (base 4) in base 11?
-23
Convert -39 (base 11) to base 14.
-30
-3 (base 16) to base 15
-3
Convert -2 (base 3) to base 6.
-2
1 (base 10) to base 6
1
What is 2a (base 12) in base 7?
46
Convert -11110 (base 2) to base 11.
-28
What is 16 (base 12) in base 16?
12
Convert -2 (base 15) to base 11.
-2
-6 (base 15) to base 9
-6
Convert -7 (base 12) to base 3.
-21
What is 53 (base 12) in base 5?
223
0 (base 14) to base 9
0
132 (base 15) to base 3
101002
Convert 25 (base 15) to base 7.
50
Convert 314 (base 9) to base 10.
256
Convert -12 (base 10) to base 14.
-c
3 (base 14) to base 6
3
What is -103 (base 6) in base 7?
-54
What is 4 (base 8) in base 13?
4
175 (base 9) to base 16
95
Convert 0 (base 3) to base 4.
0
What is -123 (base 6) in base 8?
-63
26 (base 12) to base 15
20
Convert 4 (base 11) to base 8.
4
What is 31 (base 6) in base 2?
10011
What is -8 (base 9) in base 5?
-13
What is -25 (base 9) in base 12?
-1b
-2 (base 15) to base 4
-2
What is 4 (base 10) in base 2?
100
Convert 1a (base 16) to base 9.
28
-2 (base 13) to base 3
-2
What is 201 (base 4) in base 15?
23
-2 (base 5) to base 14
-2
Convert 9d (base 16) to base 9.
184
What is -2 (base 16) in base 13?
-2
What is -2 (base 7) in base 2?
-10
Convert -196 (base 10) to base 4.
-3010
1 (base 6) to base 11
1
Convert -2 (base 8) to base 9.
-2
What is 3 (base 15) in base 7?
3
-100110 (base 2) to base 9
-42
Convert 3 (base 13) to base 3.
10
Convert 53 (base 7) to base 14.
2a
What is 400 (base 5) in base 8?
144
255 (base 7) to base 15
93
19 (base 15) to base 14
1a
-3 (base 15) to base 3
-10
1000 (base 3) to base 5
102
Convert -220 (base 10) to base 9.
-264
What is 8 (base 10) in base 11?
8
0 (base 3) to base 2
0
3 (base 12) to base 3
10
6 (base 16) to base 12
6
Convert -8 (base 10) to base 14.
-8
Convert 4 (base 7) to base 2.
100
Convert 34 (base 6) to base 13.
19
-6 (base 13) to base 4
-12
Convert 222 (base 3) to base 13.
20
Convert 45 (base 10) to base 16.
2d
151 (base 7) to base 14
61
Convert -2 (base 3) to base 15.
-2
1b (base 12) to base 14
19
What is -1 (base 6) in base 3?
-1
Convert -311 (base 5) to base 10.
-81
-7 (base 8) to base 9
-7
-101 (base 8) to base 4
-1001
What is -11110 (base 2) in base 4?
-132
Convert a (base 12) to base 15.
a
-110111 (base 2) to base 16
-37
What is 39 (base 11) in base 3?
1120
11 (base 3) to base 7
4
Convert -3 (base 16) to base 4.
-3
Convert 2 (base 7) to base 11.
2
Con